(1).
-530
Let a(f) = -23*f**3 - 516*f**2 - 181*f + 870. Calculate a(-22).
12
Let n(y) = y**3 + 37*y**2 - 140*y - 3385. Determine n(-36).
2951
Let n(b) = b**3 + 4*b**2 + 4*b - 332. Give n(0).
-332
Let a(m) = 217*m + 25436. Give a(-112).
1132
Let a(k) = 111*k - 12371. Calculate a(112).
61
Let q(d) = -72*d**2 + 743*d - 12. What is q(10)?
218
Let i(x) = -15*x**3 - 31*x**2 - 12*x - 104. Give i(-3).
58
Let u(k) = -225*k**3 - k**2 + 67*k + 68. Give u(-1).
225
Let w(z) = 10*z**3 - 11*z**2 + 188*z + 800. What is w(-4)?
-768
Let k(p) = p**2 - 3577*p - 111803. Give k(-31).
45
Let q(x) = 2*x**3 - 590*x**2 + 600*x - 3513. Give q(294).
15
Let g(q) = -73*q**3 - 443*q**2 + 363*q + 2357. Determine g(-6).
-1
Let l(w) = -w**2 + 155*w + 4995. Give l(-27).
81
Let s(k) = 4*k**2 + 507*k + 11877. Give s(-23).
2332
Let q(s) = 8181*s**2 + 40902*s - 11. Calculate q(-5).
4
Let p(x) = -x**2 + 8535*x + 1240935. What is p(-143)?
-19
Let j(k) = 3*k**3 - 650*k**2 + 2346*k - 267. Give j(213).
372
Let m(k) = 3*k**3 - 5425*k**2 + 1487*k + 580347. Give m(1808).
-21
Let v(n) = 19*n**3 + 207*n**2 - 120*n - 1095. Give v(-11).
-17
Let s(b) = -72*b**2 - 7554*b + 640. Give s(-105).
10
Let b(g) = -g**3 - 80*g**2 - 388*g + 21. Calculate b(-5).
86
Let h(g) = -37*g - 2234. Calculate h(-54).
-236
Let x(y) = 349*y - 16489. What is x(47)?
-86
Let m(a) = -26436*a - 237921. Determine m(-9).
3
Let y(a) = -54*a**2 - 6694*a + 79. What is y(-124)?
-169
Let g(j) = 4*j**2 - 3121*j + 476120. What is g(208)?
8
Let r(m) = 3*m**3 - 531*m**2 - 18631*m + 207. Give r(207).
0
Let a(z) = -79*z**2 + 9477*z - 9052. Give a(119).
-8
Let f(y) = 4*y**2 + 584*y + 1909. Give f(-143).
193
Let v(z) = 6859*z + 644684. What is v(-94)?
-62
Let m(x) = -x**2 - 439*x - 23764. What is m(-63)?
-76
Let t(h) = 1324*h - 80758. Determine t(61).
6
Let s(q) = -7560*q + 771149. Give s(102).
29
Let l(v) = -v**3 - 79*v**2 + 9*v - 180. Give l(0).
-180
Let c(g) = 9789*g + 14712845. Give c(-1503).
-22
Let w(g) = -111*g**2 - 1429*g - 890. What is w(-12)?
274
Let t(i) = -81*i**2 + 1558*i - 25. What is t(19)?
336
Let t(s) = -8979*s - 484880. Determine t(-54).
-14
Let l(t) = 8500*t + 612044. Calculate l(-72).
44
Let m(n) = -4*n**2 + 399*n - 1864. Calculate m(90).
1646
Let c(q) = 53*q + 1. Give c(-5).
-264
Let t(z) = 29015*z - 290292. Calculate t(10).
-142
Let d(l) = l**2 - 47*l - 120923. Calculate d(372).
-23
Let d(u) = -3425*u - 20603. What is d(-6)?
-53
Let n(y) = 8*y**3 + 22*y**2 + 89*y + 20. What is n(-3)?
-265
Let h(x) = 6*x - 571. Calculate h(21).
-445
Let s(p) = -6908*p + 580279. Calculate s(84).
7
Let p(s) = -6777*s + 117073. Determine p(17).
1864
Let p(h) = -15008*h + 540259. Give p(36).
-29
Let p(k) = -712*k - 7085. Give p(-8).
-1389
Let h(v) = 10*v**3 + 48*v**2 + 133*v + 256. Give h(-3).
19
Let m(b) = -1576*b + 750092. Determine m(476).
-84
Let w(z) = -z**3 - 48*z**2 - 145*z + 443. Give w(-44).
-921
Let d(x) = -x**2 - 107*x - 2774. Calculate d(-31).
-418
Let g(w) = 11*w**3 + 323*w**2 - 156*w - 95. Determine g(-30).
-1715
Let w(i) = -i**3 - 87*i**2 + 201*i + 996. Determine w(-89).
-1051
Let z(q) = 2*q**3 + 1668*q**2 + 32607*q + 38259. Determine z(-814).
1
Let t(w) = -w**3 + 59*w**2 + 31*w - 1828. What is t(59)?
1
Let c(m) = -2*m**3 - 7*m**2 + 461*m - 42. What is c(-17)?
-76
Let h(r) = -r**3 - 23*r**2 - 15*r - 69. Give h(-23).
276
Let i(o) = -o**3 + o**2 + 238*o - 1254. Give i(6).
-6
Let a(c) = -c**2 + 19*c + 135670. Determine a(378).
-32
Let j(k) = -228*k**2 + 692*k - 4. What is j(3)?
20
Let i(x) = -689*x - 138492. Give i(-201).
-3
Let r(v) = -325*v - 5861. Give r(-21).
964
Let p(a) = 8*a**2 + 656*a - 511. Give p(-83).
153
Let r(g) = 28*g**3 - 190*g**2 - 14*g + 54. Give r(6).
-822
Let f(g) = 3*g**3 + 27*g**2 + 426*g + 2234. Give f(-6).
2
Let z(i) = -1578*i - 10591. What is z(-6)?
-1123
Let d(h) = -h**3 - 46*h**2 - 2908*h - 128825. Calculate d(-45).
10
Let o(y) = -898485*y + 898484. Give o(1).
-1
Let t(j) = -j**3 + 3*j**2 - 10*j - 119. What is t(-9)?
943
Let f(u) = 2*u**3 + 39*u**2 + 206*u + 2739. Calculate f(-18).
3
Let z(y) = 4124*y - 672180. Give z(163).
32
Let u(n) = -245*n + 47241. Calculate u(192).
201
Let q(d) = 234*d + 27584. Calculate q(-117).
206
Let b(z) = -9*z**2 - 377*z - 663. Calculate b(-38).
667
Let v(w) = w**2 - 2140*w + 1143674. Calculate v(1035).
-1
Let c(x) = -14453*x - 116058. Give c(-8).
-434
Let h(k) = -153*k**2 - 26*k - 58. What is h(-2)?
-618
Let w(v) = 2*v**3 + 97*v**2 + 774*v + 9. Calculate w(-10).
-31
Let s(i) = -12624*i - 580704. What is s(-46)?
0
Let g(v) = -811*v - 15292. What is g(-19)?
117
Let b(w) = w**2 + 1815*w - 20069. What is b(11)?
17
Let q(u) = u**3 - 119*u**2 + 714*u - 16456. Calculate q(114).
-40
Let p(u) = -102*u**2 + 226*u + 246. Give p(3).
6
Let a(k) = k**3 + 60*k**2 - 211*k - 1082. What is a(-63)?
304
Let m(x) = 10*x**2 - 2384*x - 8713. What is m(242)?
-1
Let j(f) = f**3 + 21473*f**2 + 85873*f - 5. Calculate j(-4).
7
Let g(o) = -8*o**2 - 9637*o - 28948. What is g(-3)?
-109
Let w(l) = -81201*l - 243382. What is w(-3)?
221
Let q(a) = 30*a**3 + 16*a**2 + 1136*a + 1144. What is q(-1)?
-6
Let g(j) = -3*j**2 + 22652*j + 294981. Calculate g(-13).
-2
Let l(a) = -66291*a + 1591029. What is l(24)?
45
Let z(m) = m**2 + 126*m + 4474. Give z(-61).
509
Let l(y) = 2041*y - 6133. Give l(3).
-10
Let j(y) = -13010*y + 988791. What is j(76)?
31
Let i(r) = -308*r**2 + 595*r - 594. What is i(1)?
-307
Let m(f) = 621*f + 1902. Give m(-3).
39
Let r(v) = -887*v + 441750. Give r(498).
24
Let v(j) = -13*j**3 - 81*j**2 - 65*j - 271. Calculate v(-6).
11
Let s(w) = 3*w**2 + 590*w - 253113. Give s(-405).
12
Let v(n) = -1594*n**2 + 10968*n + 1330. Calculate v(7).
0
Let l(i) = -163*i**2 + 1788*i + 50. Calculate l(11).
-5
Let m(u) = -5*u**3 - 4*u**2 + 24*u + 181. Give m(-5).
586
Let a(d) = d**3 - 204*d**2 - 4152*d + 1637. Calculate a(-19).
22
Let g(t) = -t**3 - 99*t**2 - 342*t - 14348. Determine g(-97).
8
Let l(u) = -28*u**2 - 1838*u - 18740. What is l(-53)?
22
Let s(r) = 14*r**3 + 1243*r**2 + 1145*r - 97. What is s(-1)?
-13
Let f(c) = 7*c**3 - 173*c**2 + 115*c + 79. What is f(24)?
-41
Let q(h) = -43*h**2 - 668*h + 2391. Determine q(3).
0
Let u(m) = m**2 - 22335*m + 4799598. Give u(217).
-8
Let v(s) = 209*s**3 - 8*s**2 - 22915*s - 22908. What is v(-1)?
-210
Let z(n) = n**3 + 132*n**2 + 1120*n - 33. What is z(-9)?
-150
Let l(m) = 798*m + 5620. Calculate l(-10).
-2360
Let l(z) = -z**2 - 4369*z + 100852. What is l(23)?
-164
Let n(f) = f**3 + 46*f**2 + 201*f - 117. Calculate n(-41).
47
Let u(i) = -i**3 - 41*i**2 + 59*i + 260. Calculate u(-41).
-2159
Let t(o) = 4*o**2 - 183*o + 158. Calculate t(47).
393
Let r(p) = -p**3 - 54*p**2 + 466*p - 482. Give r(-61).
-2861
Let a(k) = 12*k**2 + 659*k - 2844. What is a(4)?
-16
Let z(v) = -71131*v + 2347315. What is z(33)?
-8
Let b(x) = x**2 + 15618*x - 171884. Determine b(11).
35
Let f(w) = -11*w**2 - 1157*w + 3538. Calculate f(3).
-32
Let w(b) = -b**2 - 293*b + 5644. Give w(18).
46
Let u(k) = 826*k + 2845. Determine u(-3).
367
Let q(l) = l**2 + 2902*l + 258549. Calculate q(-92).
29
Let z(g) = g**3 + 120*g**2 + 280*g + 33594. Calculate z(-120).
-6
Let w(n) = -2842*n**2 + 19893*n + 6. What is w(7)?
-1
Let z(q) = 44*q**2 + 20508*q + 1868. Give z(-466).
4
Let s(v) = -189*v**3 + 8*v**2 + 10*v - 9. Calculate s(1).
-180
Let p(w) = w**3 + 711*w**2 + w + 1288. Calculate p(-711).
577
Let s(q) = -q**2 + 491436*q - 2948583. Give s(6).
-3
Let x(c) = 3*c**2 - 1349*c + 4070. Determine x(3).
50
Let y(a) = 74301*a - 891629. What is y(12)?
-17
Let x(w) = w**3 - 409*w**2 - 166573*w - 265. What is x(-252)?
-13
Let h(z) = -3*z**3 + 29*z**2 + 98*z - 982. What is h(10)?
-102
Let w(b) = 192*b + 19596. Give w(-102).
12
Let i(h) = -2*h**2 + 197*h + 49412. Give i(214).
-22
Let r(s) = -4*s**3 - 1225*s**2 - 2734*s + 542. Calculate r(-304).
-66
Let y(n) = 209*n + 5844. What is y(-2)?
5426
Let l(p) = -p**3 + 72*p**2 - 89*p + 1282. Calculate l(71).
4
Let u(t) = 2*t**2 - 385*t - 466066. Give u(-396).
26
Let c(u) = -3*u**2 + 18062*u + 90335. Determine c(-5).
-50
Let h(t) = -t**2 - 911*t - 8104. Determine h(-9).
14
Let t(d) = 64*d**3 - 22336*d**2 + 13*d - 4539. What is t(349)?
-2
Let i(d) = 8698*d - 1339622. Calculate i(154).
-130
Let l(d) = 14*d**2 - 2205*d - 52488. Determine l(-21).
-9
Let x(z) = -6*z**2 - 264*z - 